 Determine f(-13).
-4503
Let l(x) = 6*x**3 - 25*x**2 - 71*x - 38. Give l(-3).
-212
Let m(b) = -20*b**2 - 81*b + 1153. What is m(-10)?
-37
Let t(u) = u**3 - 2*u**2 - 24*u + 6. What is t(-4)?
6
Let q(z) = -2*z**2 + 160*z + 4023. Calculate q(-20).
23
Let z(d) = 12169*d - 2385119. Calculate z(196).
5
Let z(s) = 18*s**2 - 525*s + 431. Determine z(28).
-157
Let n(b) = 9*b**3 + 32*b**2 + 60*b - 76. Calculate n(5).
2149
Let r(v) = v**2 + 37*v + 87. Give r(-3).
-15
Let s(t) = t**3 - 339*t**2 + 179*t - 60730. Give s(339).
-49
Let q(m) = m**2 + 102*m + 2113. Determine q(-73).
-4
Let f(w) = -w**3 - 21*w**2 + 37*w - 183. Give f(-23).
24
Let j(x) = 1339*x + 40244. Calculate j(-30).
74
Let s(y) = -y**3 + 131*y**2 - 1936*y - 284. Calculate s(114).
-56
Let j(r) = r**3 - 98*r**2 - 1722*r + 13. Determine j(-15).
418
Let d(m) = -110*m + 9387. What is d(83)?
257
Let t(w) = -w**3 - 2*w**2 + 71160*w + 5. Determine t(0).
5
Let x(d) = -550*d + 649. What is x(2)?
-451
Let a(b) = -74*b**2 - 346*b - 650. Determine a(-2).
-254
Let j(h) = -13155*h - 79052. Calculate j(-6).
-122
Let z(f) = -677*f - 6824. Calculate z(-10).
-54
Let s(d) = -165336*d - 1157287. Determine s(-7).
65
Let n(x) = 332*x**3 + 666*x**2 - 20*x - 51. Give n(-2).
-3
Let c(t) = -t**3 - 21*t**2 + 267*t + 2962. What is c(14)?
-160
Let y(l) = -237*l + 15632. What is y(66)?
-10
Let b(h) = h**3 - 10*h**2 - 63*h + 299. Determine b(6).
-223
Let k(h) = -2*h**2 + 450*h + 4728. Calculate k(235).
28
Let a(f) = -f**2 - 11503*f + 195237. Give a(17).
-603
Let n(m) = -166095*m + 1328767. What is n(8)?
7
Let r(g) = g**2 + 2277*g + 400372. Calculate r(-192).
52
Let u(d) = -27804*d - 194642. Give u(-7).
-14
Let c(l) = l**3 - 36*l**2 - 94*l + 4684. Determine c(37).
2575
Let b(x) = -262*x + 15984. What is b(61)?
2
Let u(b) = 5*b**2 + 1859*b + 9156. Give u(-5).
-14
Let h(x) = -67*x**3 - 25058*x**2 + 5*x + 1868. Calculate h(-374).
-2
Let a(m) = -5*m**2 + 24*m - 36. Calculate a(4).
-20
Let x(a) = -13*a**3 + 20*a**2 + 231*a - 22. Determine x(-7).
3800
Let q(h) = -h**3 - 328*h**2 + 4439*h + 105. Calculate q(13).
183
Let r(b) = b**2 - 39*b - 743. Determine r(43).
-571
Let u(n) = -2*n**2 + 472*n + 86387. Give u(357).
-7
Let z(h) = 6*h**2 + 97*h - 1741. What is z(-27)?
14
Let j(g) = -90*g**2 - 98*g - 362. What is j(-4)?
-1410
Let v(r) = -700731*r + 2102169. Calculate v(3).
-24
Let j(g) = g**3 - 26*g**2 - 266*g - 20. What is j(34)?
184
Let u(c) = 2*c**3 + 12*c**2 + 85*c + 662. Give u(-9).
-589
Let x(d) = d**3 - 12*d**2 + 127*d - 965. Determine x(9).
-65
Let q(z) = 109080*z - 1090809. Calculate q(10).
-9
Let v(i) = -27*i**2 + 1200*i - 4357. What is v(4)?
11
Let m(i) = 2*i**3 - 140*i**2 + 5881*i - 396268. Calculate m(69).
-1
Let r(h) = -528*h + 18125. Determine r(34).
173
Let w(f) = -39*f**2 + 393*f + 1531. Determine w(11).
1135
Let v(b) = -6*b**2 - 1269*b - 3814. Determine v(-3).
-61
Let g(v) = 20718*v + 103307. Determine g(-5).
-283
Let i(k) = 266*k - 25265. Determine i(95).
5
Let b(a) = -a**2 + 673*a + 7621. Calculate b(-11).
97
Let y(s) = 24*s**3 + 3*s**2 - 36*s - 41. Determine y(-1).
-26
Let r(g) = 131831*g - 527183. Determine r(4).
141
Let z(k) = 72552*k + 19589045. Give z(-270).
5
Let c(f) = -1644*f - 121612. Determine c(-74).
44
Let r(z) = -453*z + 219221. Give r(484).
-31
Let n(l) = l**3 - 17*l**2 + 8052*l - 136867. What is n(17)?
17
Let a(z) = -3*z**3 + 47*z**2 - 12*z + 259. Give a(17).
-1101
Let j(r) = -15*r**2 + 231*r + 1139. What is j(-5)?
-391
Let o(m) = -m**2 + 1882*m + 4051793. Give o(-1281).
-10
Let b(c) = -c**3 - 6*c**2 - 515*c - 6267. Determine b(-11).
3
Let l(c) = 2253*c - 9055. What is l(4)?
-43
Let p(z) = 31*z**2 + 9835*z + 29222. What is p(-3)?
-4
Let l(o) = -20*o**2 - 921*o - 146. Give l(-46).
-100
Let h(d) = -d**3 - 22*d**2 + 33*d - 39. Give h(-22).
-765
Let f(s) = 1410*s**2 - 225601*s + 175. Give f(160).
15
Let d(h) = -h**3 - 14*h**2 - 127*h - 1558. Give d(-15).
572
Let r(o) = -o**2 - 1095*o - 18245. Calculate r(-17).
81
Let y(b) = 24211*b + 1162127. What is y(-48)?
-1
Let i(g) = -35348*g + 3711533. Give i(105).
-7
Let s(c) = -15*c**2 + 8295*c - 24889. Determine s(3).
-139
Let i(n) = -13333*n - 359990. Calculate i(-27).
1
Let k(j) = 4*j**3 - 212*j**2 + 1288*j - 358. Determine k(6).
602
Let h(q) = -2*q**3 + 5697*q**2 - 56776*q - 43. Give h(10).
-103
Let f(y) = 15*y**2 - 208*y - 2437. Calculate f(-10).
1143
Let q(j) = j**3 - 15*j**2 + 1091*j - 21114. Determine q(19).
1059
Let n(h) = 7*h**3 - 11944*h**2 - 32476*h + 8547. Give n(1709).
2
Let d(n) = -32*n**3 + 4358*n**2 - 821*n + 524. What is d(136)?
-156
Let i(o) = -2*o**2 - 583*o - 12902. Give i(-23).
-551
Let m(o) = o**3 + 39*o**2 + 198*o - 55. Determine m(-34).
-1007
Let f(k) = 36175*k - 1989626. Calculate f(55).
-1
Let f(o) = 10486*o**3 + 41933*o**2 - 37*o + 20. Determine f(-4).
-8
Let s(q) = -18*q**3 + 344*q**2 - 34*q + 6. Calculate s(19).
82
Let h(u) = -2*u**2 - 22*u + 2072. Calculate h(-38).
20
Let r(j) = 5*j**2 + 201*j - 5627. What is r(20)?
393
Let y(s) = -5*s**3 + 75*s**2 + 230*s - 4164. What is y(14)?
36
Let i(n) = -n**2 - 1641*n + 278362. Calculate i(155).
-18
Let r(n) = -14167*n + 2011715. Determine r(142).
1
Let v(i) = 10*i**2 + 27*i - 130. Give v(-9).
437
Let t(o) = 2*o**3 - 173*o**2 + 2295*o - 609. What is t(16)?
15
Let d(a) = -1075*a - 72043. Calculate d(-67).
-18
Let f(s) = -30*s + 5753. What is f(191)?
23
Let u(o) = -2*o**3 + 51*o**2 - 101*o + 68. Determine u(24).
-628
Let b(t) = -5183*t - 16072. Calculate b(-3).
-523
Let z(w) = -71*w - 1126. Calculate z(-35).
1359
Let b(a) = 92694*a - 741636. Calculate b(8).
-84
Let u(c) = -2442*c - 38114. Give u(-16).
958
Let t(a) = -2*a**2 + 19122*a + 440873. Determine t(-23).
9
Let b(d) = 7596*d + 22873. What is b(-3)?
85
Let t(a) = a**3 + 88*a**2 - 3879*a + 1. Give t(32).
-1247
Let f(z) = 20*z - 1737. What is f(24)?
-1257
Let y(q) = -18761*q + 37. What is y(0)?
37
Let t(x) = -1306*x + 12707. What is t(9)?
953
Let c(j) = -90*j**2 - 306*j - 1006. Give c(-3).
-898
Let v(i) = 2*i**3 - 225*i**2 + 164*i - 5552. What is v(112)?
272
Let g(b) = -b**3 - 10*b**2 - 58*b - 817. Calculate g(-11).
-58
Let l(p) = 31*p**2 - 25*p + 81. Calculate l(4).
477
Let s(u) = 2*u**3 - 194*u**2 - 1396*u - 9. What is s(-7)?
-429
Let n(k) = -k**3 - 19*k**2 - 476*k - 7905. Calculate n(-19).
1139
Let g(x) = -1982432*x + 21806746. Calculate g(11).
-6
Let h(k) = 2*k**2 - 443*k - 326179. What is h(-308)?
-7
Let t(p) = -2*p**3 + 182*p**2 + 12240*p - 16. What is t(-45)?
-16
Let p(x) = -22*x**2 + 26717*x + 160288. Calculate p(-6).
-806
Let w(z) = 81*z + 127. What is w(-31)?
-2384
Let u(m) = -19*m**2 - 974*m - 262. Calculate u(-51).
-7
Let y(g) = 140*g + 29428. What is y(-209)?
168
Let t(h) = 2*h**3 - 2*h**2 + 52*h - 539. Determine t(10).
1781
Let m(a) = -100*a + 55581. Calculate m(556).
-19
Let n(h) = 4*h**2 + 486*h + 714. What is n(-120)?
-6
Let f(n) = -5354*n - 1145733. Give f(-214).
23
Let d(a) = -2613*a - 15665. Give d(-6).
13
Let q(i) = 6*i**3 - 18*i**2 - 51*i - 12. Calculate q(-5).
-957
Let a(f) = -8*f**2 - 63909*f + 575832. Calculate a(9).
3
Let g(v) = v**2 - 3728*v + 1423873. Calculate g(432).
1
Let i(t) = 38*t**2 + 348*t + 39. What is i(-9)?
-15
Let c(r) = -10195*r - 101945. Give c(-10).
5
Let q(w) = 521*w - 20297. What is q(44)?
2627
Let y(k) = -k**3 + 42*k**2 - 227*k - 58. What is y(35)?
572
Let d(m) = m**3 + 7*m**2 - 22*m + 141. What is d(-17)?
-2375
Let v(o) = o**2 + 372*o + 31459. Calculate v(-115).
1904
Let n(t) = 23*t**3 - 1563*t**2 - 94*t + 1841. Determine n(68).
73
Let s(m) = -39560*m - 593396. Determine s(-15).
4
Let r(c) = 8*c**2 + 2877*c - 9801. Determine r(-363).
0
Let a(b) = -226*b - 2644. Give a(-7).
-1062
Let k(a) = 182276*a + 36455205. What is k(-200)?
5
Let d(i) = -i**3 - 224*i**2 + 9665*i - 251. Give d(37).
45
Let d(y) = -50152*y + 852612. Give d(17).
28
Let a(u) = -3*u**3 + 268*u**2 - 1024*u - 4. Determine a(4).
-4
Let d(p) = -6310*p - 252410. Give d(-40).
-10
Let v(a) = 29615*a - 325838. Give v(11).
-73
Let f(h) = -6*h**2 - 66*h - 390. Determine f(-6).
-210
Let k(d) = 3968*d + 102981. Determine k(-26).
-187
Let q(t) = -t**2 + 233*t - 1788. Give q(8).
12
Let w(x) = 2*x**3 - 8*x**2 - 69*x + 854. Determine w(10).
1364
Let i(u) = -229*u - 9410. Calculate i(-42).
208
Let b(i) = 18391*i + 73597. What is b(-4)?
33
Let 